3
Let w(o) = 2*o**3 - o**2 + 6 + 6*o**2 - 27*o**2. List the prime factors of w(13).
2, 11, 31
Let j(s) = -2*s**3 + 6*s**2 + 4*s + 10210. What are the prime factors of j(0)?
2, 5, 1021
Let w be (-1 - 1)/((-4)/46). Let g(q) = 2*q**2 - 128*q + 155. Let o be g(63). Suppose -w = -x + o. What are the prime factors of x?
2, 13
Let m(h) be the third derivative of 3*h**5/5 + 3*h**4/8 + 17*h**3/6 + 103*h**2. What are the prime factors of m(-4)?
557
Suppose 0 = a + 5*i - 18, 2*i + 2 = -5*a - 0. Let v be (-17 + 5)/(0 + a). Suppose 510 = v*l - l. List the prime factors of l.
2, 3, 17
Let v = 303 - -23. What are the prime factors of (22 - 20)/(2/v)?
2, 163
Let k(v) = 4*v**2 - v + 1. Let g be k(1). Suppose 0 = -g*o + 7*o - 435. List the prime factors of (-15)/(-30) - o/(-2).
73
Suppose -z + 3*o - 84 = 0, -2*z = z + 4*o + 278. Let d = 210 + z. What are the prime factors of d?
2, 3, 5
Let h = 101399 - 62076. What are the prime factors of h?
39323
Let n(c) = -7*c**2 - 1025*c + 308. List the prime factors of n(-129).
2, 71, 113
Let v(d) = -d**3 + 65*d**2 + 29*d - 290. List the prime factors of v(56).
2, 14779
Let v(i) = 421*i + 21. Let y(b) = -105*b - 5. Let o(l) = 2*v(l) + 9*y(l). List the prime factors of o(-2).
7, 29
Let n = 33634 - 3163. List the prime factors of n.
3, 7, 1451
Let y = -2 - -6. Let n(g) = 19*g - 10. Let t(z) = 16*z - 8. Let b(j) = 6*n(j) - 7*t(j). List the prime factors of b(y).
2
Suppose 4*t = z - 1799, -26*z + t = -22*z - 7121. List the prime factors of z.
3, 593
Let v be -4 - -10 - (-3 + -5). Suppose -16*o + 1866 = -v*o. What are the prime factors of o?
3, 311
Suppose 5224 + 7880 = 16*l. Suppose 15*q + l = 10104. List the prime factors of q.
619
Suppose -5*u + 4*s = -103599, -9*u + 11*u - 41436 = -2*s. What are the prime factors of u?
20719
Suppose -46*o = -48*o + 2880. Let p = -766 + o. List the prime factors of p.
2, 337
Let d = 452 + 14. Let p = d - 150. List the prime factors of p.
2, 79
Let y = -524 + 512. What are the prime factors of (y - 45/(-4))/((-1)/716)?
3, 179
Let i be (-7)/((-7)/(-132)) - (15 - 11 - -1). Suppose 0*s + s - 2 = 0, -4*x + 3*s + 1234 = 0. Let h = i + x. List the prime factors of h.
173
Suppose 31340 = 4*l - 29738 - 8462. What are the prime factors of l?
3, 5, 19, 61
Let s(t) be the second derivative of 5*t**3/2 - 47*t**2/2 + t. Let i be (15 + 324/9)*2/6. What are the prime factors of s(i)?
2, 13
Suppose -62*v + 122630 = -54070. List the prime factors of v.
2, 3, 5, 19
Let r = -167 - -3135. List the prime factors of r.
2, 7, 53
Let j(p) = p**3 + p**2 - p + 28. Let o be (-1)/(-3) + 0 + (-56)/(-12). Suppose o*v - 10 = -10. What are the prime factors of j(v)?
2, 7
Let z(u) = -4*u**3 + 111*u**2 - 35*u - 8. What are the prime factors of z(19)?
2, 5981
Let w(v) = -v**2 - 11*v + 2. Let g be w(-11). Suppose 0 = 8*a - 13*a + 3*o - 3, 3*a - g = -2*o. What are the prime factors of (a - 1/1)/((-1)/10)?
2, 5
Let q(y) = y**2 - 5*y - 19. Let k be q(8). Let m(u) = 3*u**2 + k*u - 8*u + 1 - 4. What are the prime factors of m(3)?
3, 5
Let t(s) be the second derivative of 9*s**3 - 26*s**2 + 2*s + 5. List the prime factors of t(11).
2, 271
Let t(q) = 632 + 5*q - 26*q + 9*q. What are the prime factors of t(0)?
2, 79
Suppose -6*x + 384 = -4*x. Let b = 295 - x. What are the prime factors of b?
103
Let y(d) = 3*d**3 - 33*d**2 + 9*d + 6. Let r be y(11). What are the prime factors of ((-4966)/65)/((-6)/r)?
7, 191
Let j = -7462 + 21127. List the prime factors of j.
3, 5, 911
Let p(m) = m**2 - 2*m - 1. Suppose 5 = 6*u - u. Let t be 49/7*1/u. What are the prime factors of p(t)?
2, 17
Suppose -3*w - 6 = 3*y, 5*y - w - 2 = 4*y. Suppose 13*f - 7*f + 60 = y. What are the prime factors of 137/(2/(f/(-5)))?
137
Let j = 78 + -71. Let c(o) = o**3 - 6*o - 2. Let z be c(j). Suppose -s = 5*k + 3*s - 705, 5*s - z = -2*k. List the prime factors of k.
137
Let g be 0 + (5 - 4)*3. Suppose -3*m = -j + 439, -2*j + g*m + 874 = -2*m. What are the prime factors of j?
7, 61
Suppose 0*s - 25 = -5*s + 2*n, -n = 0. Suppose s*b + 10 = 0, -3*b - 372 = -j - 117. What are the prime factors of j?
3, 83
Suppose 92*y - 91*y = 4. Let v(g) = 20 + 6*g**2 - 22 + 2*g - 4*g. List the prime factors of v(y).
2, 43
Suppose 0 = -6*m + 50*m + 44836. Let j = m - -1262. What are the prime factors of j?
3
List the prime factors of (-4)/(-8)*472996/18 - 10/(-45).
7, 1877
Suppose 693*n = 688*n + 4865. Suppose n + 1043 = 18*v. What are the prime factors of v?
2, 7
What are the prime factors of (-12912)/2*((-40)/30 + 1)?
2, 269
Suppose 5*m + 4610 = c, -106*c + 23092 = -101*c - 4*m. What are the prime factors of c?
2, 3, 5, 7, 11
Let a be (1 - -1) + (-6 + -315)/(-1). Suppose -8*b + a = 1667. What are the prime factors of (-1 + 2)/((-4)/b)?
2, 3, 7
Let y(f) = 2*f**2 - f. Let d be y(-1). Let z(t) = 12*t**3 - 3*t**2 + t - 5. List the prime factors of z(d).
5, 59
Let h(f) = 3*f**2 - 10*f - 151. Let r be h(-11). Let x = r - 295. List the prime factors of x.
3
Let c = 46 - -103. Let v = 163 - c. List the prime factors of v.
2, 7
Let h(q) = -18*q - 1. Let j(w) = -3 + 10*w - 2*w**3 + w**2 + 1 - 8*w. Let g be j(1). List the prime factors of h(g).
17
Let k(m) = -m - 2. Let j be k(0). Let x be 0/(-1) - ((-11 - j) + 5). Suppose x*w = -72 + 564. What are the prime factors of w?
3, 41
Let u(n) be the first derivative of -n**4/4 + n**2/2 + 368*n - 77. List the prime factors of u(0).
2, 23
Let y = 216 - 214. Suppose -2*q + 756 = -y*w, -8*w = 4*q - 7*w - 1507. List the prime factors of q.
13, 29
Let j = 416 - 979. Let w = j + 577. What are the prime factors of w?
2, 7
Let p(f) be the first derivative of 502*f**3/3 - 5*f**2 - 10*f - 110. List the prime factors of p(-1).
2, 251
Let q(s) = 25*s - 275. Let c be q(11). Suppose a - 4*f = 4*a - 5631, c = -3*f + 9. What are the prime factors of a?
1873
Let r be 38/4 + 3/6. Suppose r*u - 15*u = -4*g - 16, 0 = -2*g + 2. Suppose -120 = -u*b + 204. List the prime factors of b.
3
Suppose 0 = 77*b - 695305 + 28254. What are the prime factors of b?
8663
Suppose 2*v - f + 9 - 13 = 0, 8 = 4*v - 5*f. What are the prime factors of 521 + (2 - v/(6/9))?
2, 5, 13
Suppose 34*y - 10*y = -66696. List the prime factors of (-2)/(2*7/y).
397
Let y be (381/(-4))/((-1)/36). Suppose n = -2*c - n + 1718, 4*c - y = 3*n. What are the prime factors of c?
2, 3, 11, 13
Let u(i) = 21*i**2 - 39*i - 135. What are the prime factors of u(19)?
3, 5, 149
Let h be -5 - (23 - 1)/(-1). Let r(y) = y**2 - h*y - 13*y + 15 + 14*y. What are the prime factors of r(18)?
3, 17
Let o = -4943 - -7622. Let b = o - 1465. List the prime factors of b.
2, 607
Suppose -7*h + 9*h - q - 155 = 0, -q = h - 85. Let z = h - -28. What are the prime factors of z?
2, 3
List the prime factors of 25/45*3/5*48207.
16069
Let g(a) = -2*a**2 + 54*a - 43. Let x = -358 - -375. List the prime factors of g(x).
3, 11
Suppose 4928 = 3*o - 5*q, -5*o - 5*q - 339 + 8619 = 0. What are the prime factors of (o - 9) + -12 - (3 + -1)?
2, 11, 37
Let n be (-20395)/25 + (-12)/(-15). What are the prime factors of ((-4238)/n)/(((-2)/(-420))/1)?
2, 3, 7, 13
Suppose -3*j - 2*b - 336 = 0, 715 - 838 = j - 3*b. Suppose 0*u - 2*u = -490. Let q = j + u. List the prime factors of q.
131
Suppose 7*q - 9*q + 20 = 0. Let t(x) = 7*x + 77. List the prime factors of t(q).
3, 7
Let y(z) = -4*z**2 + 2*z - 4. Let f be y(-11). What are the prime factors of (-10 + 2)/8 - (f - -1)?
2, 127
Suppose 7*a = 10*a - 3771. Suppose 9*g - 1605 - a = 0. List the prime factors of g.
2, 3, 53
Let r(v) = -v**3 + 35*v**2 + 116*v + 29. List the prime factors of r(37).
1583
Suppose -5453 = -o - 3*f + 7625, 65413 = 5*o - 8*f. List the prime factors of o.
103, 127
Suppose 5*o + 3*r = 7, 0*o + 4*o = 4*r - 20. Let w be 3 - (-1 + o + -58). Suppose 0 = -h + 4*c + w, 4 = 2*c - 0. List the prime factors of h.
71
Let z = -5 - -10. Let x(j) = j**3 - 52*j**2 + 576*j + 19. Let c be x(36). Suppose -c = -z*m + 86. What are the prime factors of m?
3, 7
Let j = 485 + -386. Suppose 0 = -98*c + j*c - 646. List the prime factors of c.
2, 17, 19
Suppose -m + 310 = -p, p - 257 - 681 = -3*m. Let a = m - -165. What are the prime factors of a?
3, 53
Suppose 21888721 + 5460127 = 400*s - 2775952. What are the prime factors of s?
2, 3, 523
Let b = -135436 - -207208. List the prime factors of b.
2, 3, 5981
Let k(h